 Give d(z).
-25
Let g(j) = j**3 + 6*j**2 + 6*j + 1. Let u be (21/(-4))/(3/8). Let l be 3 + u/(2 - 0). Calculate g(l).
9
Let v(i) = -2*i**2 - 3*i + 2. Let w(q) = -q**3 + 12*q**2 - 1 - 2 + 2*q**3. Let a be w(-12). Calculate v(a).
-7
Let v(j) = -3*j**2 + 3*j - 3. Let p(r) = 2*r**2 - 2*r + 2. Let c(i) = 5*p(i) + 3*v(i). Calculate c(3).
7
Let d(w) be the third derivative of w**7/504 + w**6/720 + w**5/120 + w**4/24 + w**2. Let p(s) be the second derivative of d(s). Calculate p(-1).
5
Let q(f) = f**3 + 3*f**2 - 2. Let l = 45 + -25. Suppose 0 = -2*i + a - 8, -a = 4*i - 4*a + l. Let s be i/2 + (-2)/2. Calculate q(s).
2
Let a(c) = -c + 1. Let k(l) = l**2 + 2*l + 6. Let y(i) = -4*a(i) + k(i). Suppose 3*n - 15 = 0, 0*z = -4*z - 2*n - 10. What is y(z)?
-3
Let d(g) = -g**3 - 3*g**2 + g + 2. Let v(s) = -s**3 - s**2 + 7*s. Let t be v(-3). Determine d(t).
-1
Let o(s) be the first derivative of s**4/4 - 2*s**3 + 2*s**2 + 5*s + 3. Suppose 5*u = 2*d + 29, -2*u + 3*d = 3*u - 31. Calculate o(u).
0
Let x(b) be the second derivative of b**4/12 - 2*b**3/3 - 3*b**2/2 - 3*b. Give x(4).
-3
Let n(w) be the third derivative of -w**6/20 + w**5/30 - w**3/6 - 2*w**2. Calculate n(1).
-5
Let l(z) be the first derivative of z**6/120 + z**5/12 + z**4/6 + z**3/2 - 3*z**2/2 + 11. Let u(h) be the second derivative of l(h). Determine u(-3).
9
Let y(z) = 3*z - 8. Let v(g) = -g + 4. Let k(n) = -5*v(n) - 2*y(n). Give k(5).
-9
Let w(v) = -v**2 - 6*v + 5. Suppose 5*x = -22 - 13. Determine w(x).
-2
Let k(s) = 3*s. Suppose -2*g = -i - g + 2, 5*g = -5*i. Determine k(i).
3
Let c be 4/10 + 56/35. Let b(q) = 2*q + q - q + c. Calculate b(-2).
-2
Let m be (3 - 21/6)*-2. Let l(z) = 3*z**2 + 10*z + 8. Let r(s) = s**2 + s + 1. Let k(d) = m*l(d) - 4*r(d). Calculate k(6).
4
Let w be (9 - 10)*(-6)/(1 + 0). Let o(a) = -2*a**2 + 7*a + 8. Give o(w).
-22
Let x(y) = 2*y**2 - 7*y + 1. Let l(q) = -4*q**2 + 13*q - 2. Let o(h) = -4*l(h) - 7*x(h). Give o(2).
3
Let m(w) = -w + 3*w - 5*w - 4. Let f(o) = -o**2 - 3*o + 7. Let c be f(-5). Calculate m(c).
5
Let g(x) be the second derivative of -x**4/6 + 2*x**3/3 + x**2/2 - 4*x. Let m(z) = 3*z + 2. Let r be m(-2). Let t = 7 + r. Give g(t).
-5
Let k(q) be the first derivative of q**3/3 + 2*q**2 - 5*q + 1. Let d(l) = 4*l - 17. Let s be d(3). Calculate k(s).
0
Let h(y) be the first derivative of y**3/3 + 3*y**2 + 8*y + 3. Let s(g) = -5*g + 34. Let k be s(8). Determine h(k).
8
Let w(u) = u**3 - 7*u**2 - 4*u + 9. Let i be w(7). Let r = 16 + i. Let s(k) = -k**2 - 8*k - 3. Calculate s(r).
12
Let v(n) = -n**2 + n + 1. Let l be v(-2). Let w(s) = s + 5. Let b be w(l). Let u(r) = 6*r + b - r**2 + 0. Calculate u(5).
5
Let t(j) be the first derivative of -j**2 - 7*j + 1. Let v(n) = -n**3 - 7*n**2 - 5. Suppose 3 = k + 2*l, l - 2*l = -k - 12. Let a be v(k). Calculate t(a).
3
Let y(a) = 6*a - 7. Let x(g) = 7*g - 8. Let z(h) = 5*x(h) - 6*y(h). Determine z(8).
-6
Let u(s) = 17*s - 8*s - 7 - 8*s. Calculate u(5).
-2
Let l(h) = -h**3 + 6*h**2 + h - 5. Let n(u) = -u**2 + u. Let r(b) = -l(b) - 3*n(b). Let a be (-15 - -14)/((-1)/10). Suppose 4*q - 6 - a = 0. Give r(q).
5
Let o(r) = -r**3 + 6*r**2 - 6*r. Let p be 1 + (-30)/(-5) + -2. Calculate o(p).
-5
Let t(o) = o - 8. Let v be t(5). Let h(x) be the second derivative of x**4/12 + 2*x**3/3 + 2*x**2 + x. Determine h(v).
1
Let j = -14 + 18. Let s(k) = 3 - k**3 + 11*k + 5*k**2 - 11*k + j. Determine s(5).
7
Let x(c) = -c**3 + 3*c - 7*c - 14*c**2 - 6 + 8*c**2. Let j(t) = 6*t + 1. Let p be j(-1). Determine x(p).
-11
Let f(d) be the third derivative of -d**5/120 + 7*d**4/24 - d**3/2 + 2*d**2. Let n(p) be the first derivative of f(p). Let w = 13 - 10. Determine n(w).
4
Let r(x) = -42*x - 41*x - 2 + 81*x. What is r(2)?
-6
Let w = 1 + -4. Let i(b) = 5*b + 1. What is i(w)?
-14
Let t(j) = 9 + j + 2*j - 4*j. Let r = -6 + 13. Determine t(r).
2
Suppose 4*j = j + 5*g - 32, 1 = g. Let x(m) = -m - 10. Let a be x(j). Let k(o) = -1 + 9*o + 4 - 2. Determine k(a).
-8
Suppose -5*a - 14 = -2*r, -3*a - a - 16 = -4*r. Let v(f) = -26*f + 26. Let d(p) = 9*p - 10. Let t(b) = -8*d(b) - 3*v(b). Give t(a).
-10
Suppose 0 = -0*k + 2*k - 48. Let j be ((-1)/3)/((-4)/k). Let l(w) = 0 - 3 - 3*w**2 + j + 0. Determine l(-2).
-13
Let u be (-1 - 4)*24/(-30). Let y(n) = -n**3 + 3*n**2 + 3*n - 4. What is y(u)?
-8
Let i(o) = -o**3 - o + 2. Suppose -m + 2 = -d + 3, -16 = -4*d. Suppose -4*k - 12 = 4*t, 0 = k - m*k - 4*t - 12. What is i(k)?
2
Let a(s) = 2*s - 1. Let b be -2 + (-10)/(-2) + -2. Calculate a(b).
1
Let y(z) be the first derivative of 1/2*z**2 + 6 - 5*z. What is y(5)?
0
Let p(w) be the third derivative of 1/60*w**5 + 0 + 0*w + 1/6*w**3 + w**2 + 1/8*w**4. Calculate p(-4).
5
Let k(f) = -f**3 + 8*f**2 - 8*f - 1. Let i(p) = p**2 - p - 1. Let c(s) = -3*i(s) + k(s). What is c(3)?
5
Let d be -3*(-4)/18*6. Let w(h) = 6*h**3 + 2*h. Let v(j) = 7*j**3 + j**2 + 2*j - 1. Let z(b) = 5*v(b) - 6*w(b). Calculate z(d).
3
Let d(c) = 3*c - 11. Let m(z) = 2*z - 7. Let w(v) = -5*d(v) + 8*m(v). Give w(2).
1
Let h(k) = 2*k + 3. Let u = -11 - -6. Let q = 1 + u. Let t = q + 7. What is h(t)?
9
Let n(b) = b**2 + 9. Let a = 10 + -10. Determine n(a).
9
Let v(y) = -y - 7. Let c(n) = n**3 + 5*n**2 + 2*n - 3. Let z be c(-3). Suppose 8*h = z*h - 9. Let u = -15 + h. Calculate v(u).
-1
Let q(m) be the second derivative of -m**3/3 + m**2 - m. Let t be 0/(-1 - 0 - 0). Let a = 4 + t. Give q(a).
-6
Let v be (12/14)/((-6)/(-28)). Let m(t) = t + v - 3*t + 7*t - 6. Give m(3).
13
Let o(y) = y. Let a be o(4). Let w = a + -2. Let d(i) = 3*i**3 - w*i**3 + 0 + 0. Calculate d(2).
8
Let o(u) be the second derivative of -u**3/3 + 3*u**2 - 3*u. Suppose 0 = -5*r + r + 2*w + 14, 5*w + 5 = 5*r. Calculate o(r).
-6
Suppose 4*w - t - 13 = -0*t, 4*t + 26 = 3*w. Let p(n) = 1 - 2*n**2 - 10*n**3 + 3*n**w - n + n**3 + 0. What is p(1)?
-8
Let p = 2 - 7. Let h be ((-7)/(-3) - 2)*3. Let y(n) = -n - 9 - 3 + h. What is y(p)?
-6
Let c(s) be the first derivative of -s**2 - s + 2. Let h be c(-2). Suppose 5*n - h*n = -2*g, -5*n + 5*g = 0. Let b(f) = f**2 - 6. Determine b(n).
-6
Let s(b) = b - 8. Let f be s(5). Let u(t) = -7*t + 7. Suppose -j - 25 = 5*a, 4*j = -a - 2 - 3. Let w(h) = 3*h - 3. Let v(g) = a*w(g) - 2*u(g). Calculate v(f).
4
Let v be 1/(-4) - (-126)/(-8). Let c be 3/(-12)*2*v. Let o = c + -6. Let u(l) = -l**3 + 2*l**2 - l - 1. Determine u(o).
-3
Suppose -19 = -5*o - 9. Let f(a) be the third derivative of 1/12*a**4 - 1/60*a**5 + 1/6*a**3 + 0*a + 0 + a**o. What is f(4)?
-7
Let q(r) = -r**3 - 2*r - 3*r**2 + 4 - 5*r**2 + 6*r**2 + 7*r**2. Let g be ((-10)/6)/((-1)/3). Give q(g).
-6
Let f(x) = x**2 - 12*x + 2. Let r be f(12). Let b(s) = -3*s**r - s + 4*s**2 - 7 - 2*s**2 - s**3. Determine b(0).
-7
Let o be 3 + (-3)/(-6)*-2. Let r(a) = o*a + 0*a + 0*a - 3 - a. Determine r(3).
0
Let a(k) be the second derivative of -k**4/12 + k**3 - 7*k**2/2 - 26*k. What is a(5)?
-2
Let n(h) = -5*h - 1 + 0*h + 2*h + 4*h + h**2. Give n(0).
-1
Let w(z) = -z**3 - 9*z**2 - 8*z + 10. Let l be w(-8). Suppose -12 = l*k - 6*k. Let j(b) = -b**3 - 3*b**2 - 3*b - 4. What is j(k)?
5
Let x(v) = -v**3 + 4*v**2 - v + 3. Let a be x(4). Let n be 8*(a - 3/(-6)). Let r(k) = k**3 + 5*k**2 + 2*k - 5. Calculate r(n).
3
Let c(f) = f**3 + 17*f**2 - 2*f - 34. Let r be c(-17). Let p(w) = w + 5. What is p(r)?
5
Let u(d) = -d**3 - 5*d**2 + 7*d + 4. Suppose -4*i = 5*j + 14, i - 4 + 18 = 4*j. Determine u(i).
-2
Let z(a) = a**2 + 12*a + 7. Let u be z(-10). Let b = u + 7. Let g(r) = -r**2 - 5*r + 2. Calculate g(b).
-4
Suppose 3*c = c. Let v(u) = -5*u**3 + c*u**2 + u - u**2 + 4*u**3 + 2*u**2. What is v(-2)?
10
Let m(p) = p + 2. Suppose 4*v - 3*f - 3 = 0, 3*v + 5*f = 5*v - 5. Let d = v + 4. Suppose 13 = -d*r - 3. Determine m(r).
-2
Let d(o) = 3*o - 187 + 3*o + 181 + o**2. Let c be (-3)/(-9) - (-22)/6. Suppose -29 = c*n - 9. Calculate d(n).
-11
Let i(u) = u - 7*u**2 + 3*u**2 - 4*u**2. What is i(1)?
-7
Let i(m) = -3*m**3 + 4*m**2 + 9*m - 9. Let l(b) = b**3 + b**2 - b. Let f(v) = -i(v) - 4*l(v). Calculate f(-7).
-5
Let p(s) be the first derivative of -2*s**4 + 2*s**3/3 - s**2/2 + 1. Calculate p(1).
-7
Let p be 1 + 1 - (-3 + -4 + 5). Let m(n) be the first derivative of -n**4/4 + n**3 + n**2 - 1. Calculate m(p).
-8
Let c(q) be the first derivative of -2*q**2 + 4*q + 21. Calculate c(3).
-8
Let s = 16